s digit of x?
5
Suppose -4*j + q = -93, 5*j - 166 = 5*q - 31. Let k = 1 + j. What is the units digit of k?
3
Suppose m - 5*b = 43, 4*m - 61 - 90 = -b. What is the tens digit of m?
3
Let g(r) = r**2 + r + 7. Let q be g(0). Let l(d) = -d**2 + 7*d + 4. Let i be l(q). Suppose i*u + 2*n - 7 = 3*u, -5*n = 15. What is the tens digit of u?
1
Let q(x) = -x + 7. Let y be q(5). Suppose -y*b + 4 + 4 = 0. What is the units digit of b?
4
Let o = -28 + 33. Suppose o*r = u - 42, 241 - 10 = 5*u - 4*r. What is the tens digit of u?
4
Suppose 4*k - 151 + 447 = 4*d, -4*d - 2*k + 308 = 0. Suppose d = 2*m - 4*g - 2, m - 24 = -3*g. What is the units digit of m?
3
Let h = 9 + -18. Let d(z) = -3*z. Let q be d(h). Suppose -3*k = -6 - q. What is the units digit of k?
1
Let k = 35 - -2. What is the units digit of k?
7
Suppose -34 = -9*f + 407. What is the units digit of f?
9
Suppose -u - 5*u + 1020 = 0. What is the hundreds digit of u?
1
Let q = -12 - -26. What is the units digit of q?
4
What is the units digit of 21 + 1 - (-9 + 8)?
3
Suppose -2 = 2*m - 0*m. What is the units digit of m/2*-1*22?
1
Let l = 69 - 101. Let s = -13 - l. Suppose -x = -2*h - s, 19 = 5*x - 5*h - 51. What is the units digit of x?
9
Suppose -3*q = -5*f + 36, -q + 28 = 4*f - 3*q. Suppose -i + 0 = -f. Let r = i + -1. What is the units digit of r?
5
Let l(f) = f**3 + 6*f**2 + 4*f - 4. Let s be l(-5). Let n(k) = k**2 + 7*k. Let u be n(-6). What is the units digit of u/(-3) + -1 + s?
2
Let y(d) = 1. Let h(q) = -q - 7. Let j(i) = h(i) + 2*y(i). Let f be j(-5). Suppose 0 = 5*p + n - 133 + 23, f = -2*n. What is the units digit of p?
2
Let t be (3 + 3/(-2))*-12. What is the tens digit of (t/(-27))/(2/69)?
2
Let u(f) be the first derivative of -f**4/4 + f**2/2 - f + 1. Let o be u(1). What is the units digit of o/(-2)*(1 + 1)?
1
What is the tens digit of 15/(-60) - (-202)/8?
2
Let m be 1/5 - (-228)/10. Suppose -v - 95 = -m. What is the units digit of 16/(-40) + v/(-5)?
4
Let z = -16 + 61. What is the tens digit of z?
4
Let c = 55 - 27. What is the tens digit of c?
2
What is the hundreds digit of 170/(-6 - -7) - (2 - 1)?
1
Let w(x) = -2*x**3 + x**2 + x + 1. Let q be w(-1). Suppose -q*h - 26 = -4*h. Suppose 2*m + 2*s - h = -m, 5*m = -s + 34. What is the units digit of m?
6
Suppose 5*p + 3*d = -0*p - 93, -p - 19 = d. What is the units digit of (-4)/p - 1484/(-126)?
2
Let o be 2*(-2 + 6/2). Suppose o*d - 18 = 14. What is the units digit of d?
6
Suppose m = -0*m - 10. Let v = m + 19. Suppose p = -2 + v. What is the units digit of p?
7
Suppose -2*v - 27 = 2*a + v, 5*a + 55 = -5*v. Let o(n) be the second derivative of -n**4/12 - 4*n**3/3 - 7*n**2/2 + 8*n. What is the units digit of o(a)?
5
Let f(l) = -l**3 - 6*l**2 - 7*l - 4. What is the tens digit of f(-7)?
9
Suppose h = -4*t - 0*t + 85, 2*h + 72 = 3*t. Let a be (2 - (-1 + 2))*t. What is the units digit of (-2)/9 + a/18?
1
Let p(w) be the second derivative of w**4/12 + w**3/2 - 7*w**2/2 - 3*w. What is the units digit of p(-5)?
3
Suppose m = 5*w - 580, w - 110 = -0*w - m. What is the hundreds digit of w?
1
Suppose 0 = -4*o - 21 + 201. What is the tens digit of o?
4
Suppose 2*v - 4*v = -246. What is the units digit of v?
3
Let f(t) = -3*t**2 + 4*t - t**3 + 4*t**2 - 5*t**2 + 6 - t**2. What is the units digit of f(-6)?
8
Suppose 0*i - 3*i = -2*k - 274, -2*i + 179 = -5*k. What is the tens digit of i?
9
Let r(z) = 8*z**3 + 7*z**2 + 20*z + 27. Let i(w) = 3*w**3 + 2*w**2 + 7*w + 9. Let j(y) = 11*i(y) - 4*r(y). What is the tens digit of j(7)?
1
Let q = -18 + 32. What is the tens digit of q?
1
Suppose l + h + 2 = 4*h, 0 = 3*l + 2*h - 5. Suppose 2 = n - l. Suppose 0 = -a - 5*q + 14, n*a - q - 42 = -0*a. What is the tens digit of a?
1
Let l = 17 + 16. Suppose -2*g = 7*c - 4*c - 39, g + l = 2*c. What is the units digit of c?
5
Suppose 3*w = -3*f - 21, -16 = 2*f + 2*w + 2*w. Let x = 17 + f. What is the tens digit of x?
1
Let s = 101 + -68. Suppose 2*b = p, 5*p = 2*p - 5*b - s. Let y = p + 11. What is the units digit of y?
5
Suppose 3*i - 10 = -2*i. Suppose -36 = -i*l - 0*l. Suppose -h = 2*h - l. What is the units digit of h?
6
Let q(t) = 2*t**2 - 42*t + 14. What is the tens digit of q(26)?
7
Let o(j) = j**2 + 6. Let d be o(0). Suppose 0 = n - d + 2. Suppose -6*q + n*q - 4*t + 12 = 0, -q = -t. What is the units digit of q?
2
Suppose -4*v - j = -3*v - 135, 0 = -3*v + 3*j + 399. What is the units digit of v?
4
Let n = 1 + 1. Let x be ((-4)/10 - -1)*15. Suppose 0 = -4*s - n*u + x + 25, -5*s + 70 = -3*u. What is the units digit of s?
1
Let w = 115 - 65. What is the tens digit of w?
5
Let x be (-4)/(-10) - 4/10. Suppose x*u + u - 13 = 0. What is the tens digit of u?
1
Suppose -1310 = -24*a + 19*a. What is the units digit of a?
2
Let f be (-1)/(3/(-21)) - -2. Let o(d) = -d + 10. What is the units digit of o(f)?
1
Let f(v) = v**3 + 6*v**2 + 2*v + 7. Suppose 0 = c - 2*c - 5. What is the units digit of f(c)?
2
Let u(p) = -2*p**2 - 5*p + 2. Let z be u(-5). Let d = 33 + z. Suppose -4*s + 5*s = 5*v, 2*s - d = 0. What is the units digit of v?
1
Suppose 4*h - 4*u + 2*u - 102 = 0, -2*u + 66 = 3*h. Suppose h = -3*o + 87. What is the units digit of o?
1
Let o(t) = 2*t**2 - t + 2. Let j(z) = -2*z**2 + 2*z - 3. Let a(w) = 5*j(w) + 6*o(w). What is the units digit of a(-5)?
7
Let q = 144 - 56. Let n(o) = -o**3 + 6*o**2 - 6*o + 4. Let l be n(4). Suppose 4*y - q = -l. What is the tens digit of y?
1
Suppose -j - 3*j + 320 = 0. What is the units digit of j?
0
Let a be (-3 + 2)/((-1)/2). Let o(w) = -w**3 + 3*w**2 - 2*w**2 + 9*w - 5 + w**2 + 3*w**a. What is the tens digit of o(6)?
1
Let t = 2 - 10. Let j(w) = 2*w + 1. Let a(l) = 5*l + 4. Let q(p) = t*j(p) + 3*a(p). What is the units digit of q(-4)?
8
Let i be 6/(-8) + (-66)/(-24). Suppose -i*n + 51 = -4*n + 3*d, 4*d = 5*n + 124. Let s = n - -43. What is the tens digit of s?
1
Suppose 7*k - 10 - 18 = 0. Let r(t) = t + 6. Let i be r(-6). Let m = k + i. What is the units digit of m?
4
Let y = -7 - -7. Suppose n + 12 = -4*s, -2*n + 4*s = -y*n - 36. What is the units digit of n?
8
Let m(i) = 3*i. Let n be m(-2). Suppose -4*v = 3*d - d - 20, 4*v = 2*d + 12. What is the units digit of (-2)/v*n*3?
9
Let u(w) = 4*w**3 - 2*w**2 + w. Let t be u(1). Suppose -t*r = -8 + 2. Suppose r*z - 32 = -5*m, 5*z - 45 = -4*m + 35. What is the tens digit of z?
1
Let p = 206 + -133. What is the tens digit of p?
7
Suppose -3*z = -32 - 22. Suppose -3*y - z = -i, 2*i - 23 = i + 4*y. Let w = i - -2. What is the units digit of w?
5
Let h(q) = -7*q**3 + 5*q**2 - 7*q + 13. Let b(o) = -3*o**3 + 3*o**2 - 4*o + 7. Let a(x) = 9*b(x) - 4*h(x). What is the tens digit of a(-8)?
1
Suppose -103 - 389 = -4*x. Suppose 5*k = 57 + x. Suppose 3*p - k = -p. What is the units digit of p?
9
Suppose 6*a = 2*a - 4*h + 148, -3*h - 29 = -a. Let b = 62 - a. Suppose -4*k = -5*x - 28, 4*x - 1 = -k + b. What is the tens digit of k?
1
Let v(u) = u**2 + 8 - 6*u**2 - u**3 + 0*u**2 - 2*u**2 - 6*u. What is the units digit of v(-6)?
8
Let b = 16 - -6. What is the units digit of b?
2
Let q(l) = l**2 - l. What is the units digit of q(7)?
2
Let y be -20*(-3 + (-3)/(-6)). Suppose 5*z + y = 5*o, 5*o + 0*o - 56 = 3*z. What is the tens digit of o?
1
Suppose -3 = h - 5. Suppose 3*n - 3*v - 3 = 0, -4*n + 0*n = -h*v + 6. Let t = 14 + n. What is the tens digit of t?
1
Let c(v) = v**2 - 5*v. Let w be c(6). Let y = w + 7. What is the tens digit of y?
1
Suppose -3*r = n - 2*n - 178, -4*r = -5*n - 252. What is the tens digit of r?
5
Let j(x) = x**3 + x**2 + x - 1. Let q be j(1). Let t = 21 - 21. Suppose q*g - 46 = -4*m, t = 5*g - 15. What is the units digit of m?
0
Let t(v) = 48*v. What is the tens digit of t(1)?
4
Suppose 2*g - 1 = -i, -g - 3*i - 11 = -2*g. What is the units digit of (19 - g) + (-2)/(-2)?
8
Let w = 0 - 0. Suppose 4*g + g - 10 = w. What is the units digit of g?
2
Let b = -7 - -5. What is the units digit of (-92)/2*1/b?
3
Let r = -44 + 78. Suppose 14 = 3*y - r. What is the tens digit of y?
1
Let n be 2/(-4) + (-4)/(-8). Suppose 3*l = 5*d + 31, 4*l + n*l + 2*d + 2 = 0. Suppose l*r - 12 = 2*g, r = 5*r - g - 12. What is the units digit of r?
2
Let j(f) = 11*f + 9. Let r be j(-3). What is the tens digit of 6/r - (-165)/4?
4
Let j(x) = 8*x**2 + x + 1 + x**2 + 0. Let t be j(-1). Suppose -t - 31 = -5*h. What is the units